4457 a composite number?
True
Is 88757729 a prime number?
True
Is 246654647 a composite number?
True
Is 516720653 a composite number?
False
Is 6797293 a composite number?
False
Is 242775653 prime?
True
Is 712518605 prime?
False
Is 6501809 composite?
False
Is 25933867 a prime number?
True
Is 185783713 prime?
False
Is 51129587 composite?
False
Is 20936165 a prime number?
False
Is 11090917 a composite number?
False
Is 5448767 a prime number?
True
Is 1227431 composite?
False
Is 2441987 a prime number?
True
Is 669014 prime?
False
Is 29332085 prime?
False
Is 21771121 prime?
True
Is 4619371 composite?
True
Is 1529843 a prime number?
False
Is 453209 a composite number?
False
Is 255313 a prime number?
True
Is 2348627 a composite number?
False
Is 3538861 a prime number?
False
Is 7327093 prime?
True
Is 95713673 composite?
True
Is 2620207 a composite number?
False
Is 73278395 a composite number?
True
Is 12856069 prime?
True
Is 10729997 a composite number?
True
Is 543608435 prime?
False
Is 34488595 a composite number?
True
Is 406395941 a prime number?
False
Is 19632257 composite?
True
Is 38171519 a composite number?
False
Is 1413101 a prime number?
False
Is 131179703 composite?
False
Is 645701 a prime number?
False
Is 8405641 a composite number?
True
Is 119428597 a prime number?
True
Is 23608717 prime?
False
Is 6687853 composite?
False
Is 211459 a prime number?
False
Is 367618549 a prime number?
True
Is 895411 a composite number?
True
Is 32531441 composite?
False
Is 44186117 a prime number?
False
Is 403820633 a composite number?
False
Is 40783849 a composite number?
False
Is 1590521 composite?
False
Is 184446341 composite?
False
Is 33926261 a prime number?
True
Is 128441185 a composite number?
True
Is 1084958291 prime?
True
Is 1443821 prime?
False
Is 649847119 prime?
True
Is 8320729 prime?
True
Is 15873917 a composite number?
False
Is 669874565 a prime number?
False
Is 16410039 composite?
True
Is 9401009 prime?
True
Is 8565187 prime?
False
Is 116547905 a composite number?
True
Is 74226391 a composite number?
True
Is 349007767 prime?
False
Is 5012083 a composite number?
True
Is 10988933 prime?
True
Is 632357 composite?
True
Is 1468903 composite?
True
Is 9200794 composite?
True
Is 30306149 prime?
True
Is 115043 a composite number?
True
Is 748417 a composite number?
True
Is 226138643 composite?
False
Is 4134683 prime?
False
Is 116797903 a composite number?
False
Is 819650021 a prime number?
True
Is 4491341 prime?
True
Is 15817097 a composite number?
False
Is 1237847 composite?
True
Is 309749047 composite?
False
Is 228049 a composite number?
False
Is 1840193 a composite number?
True
Is 108059813 prime?
True
Is 243169021 prime?
False
Is 3131087 composite?
False
Is 73134697 composite?
True
Is 11839207 a composite number?
False
Is 359497 composite?
True
Is 1496571 composite?
True
Is 31191631 a composite number?
False
Is 4281133 a composite number?
False
Is 372330121 a composite number?
False
Is 23666018 prime?
False
Is 3142951 prime?
False
Is 7092001 composite?
True
Is 1958737 a composite number?
True
Is 335605 prime?
False
Is 1977443 prime?
False
Is 4981861 a prime number?
True
Is 581447949 a prime number?
False
Is 7723299 prime?
False
Is 19919 a composite number?
False
Is 76663673 prime?
True
Is 28186849 a prime number?
True
Is 122145467 composite?
False
Is 156909535 a composite number?
True
Is 71674297 prime?
True
Is 9596591 prime?
True
Is 2577097 a prime number?
True
Is 7427731 a prime number?
True
Is 276848599 composite?
False
Is 342257 a composite number?
False
Is 9431945 composite?
True
Is 52341841 composite?
True
Is 10086826 composite?
True
Is 504019 a composite number?
True
Is 35479553 prime?
True
Is 1450993 a composite number?
True
Is 5653913 prime?
False
Is 4123439 prime?
True
Is 154071503 a prime number?
False
Is 25925587 composite?
True
Is 73427737 prime?
False
Is 79197553 a prime number?
True
Is 1992797 prime?
True
Is 76169893 a prime number?
True
Is 23454001 prime?
True
Is 527437829 prime?
True
Is 1162453 a composite number?
False
Is 93161 composite?
True
Is 141028409 composite?
False
Is 2270071 a prime number?
True
Is 52542143 prime?
False
Is 35047483 composite?
False
Is 22503655 composite?
True
Is 7355141 a composite number?
False
Is 1139263 a composite number?
False
Is 177348187 a composite number?
False
Is 324179 composite?
False
Is 1442183 prime?
False
Is 139965673 composite?
False
Is 64538401 a composite number?
False
Is 629315 composite?
True
Is 93083701 a prime number?
False
Is 22579523 prime?
False
Is 155615303 a composite number?
True
Is 200574011 a composite number?
True
Is 1643165 prime?
False
Is 63126271 prime?
False
Is 514951511 a composite number?
False
Is 68854411 a prime number?
True
Is 19253495 a composite number?
True
Is 15871931 prime?
False
Is 125132639 a prime number?
False
Is 91236553 composite?
False
Is 1492087 a prime number?
True
Is 452671 prime?
True
Is 41030222 prime?
False
Is 35865239 a composite number?
False
Is 305150201 a prime number?
True
Is 116175317 prime?
True
Is 6229471 prime?
True
Is 570863 a prime number?
False
Is 26048353 a prime number?
True
Is 86623829 prime?
True
Is 12969259 composite?
True
Is 521639 prime?
False
Is 3707087 composite?
False
Is 1676419 prime?
False
Is 99702553 composite?
False
Is 1168033 a composite number?
True
Is 31872257 a prime number?
True
Is 302959 a composite number?
False
Is 16881301 composite?
False
Is 6499447 composite?
True
Is 53827217 a composite number?
False
Is 4707839 composite?
True
Is 38344555 a composite number?
True
Is 23240747 a composite number?
True
Is 43132037 a prime number?
False
Is 309748343 a prime number?
True
Is 2886643 composite?
False
Is 101514011 a composite number?
False
Is 11409415 prime?
False
Is 47566627 prime?
True
Is 8448493 prime?
True
Is 48401003 a prime number?
False
Is 96322553 a composite number?
False
Is 153987499 prime?
True
Is 3121213 a composite number?
True
Is 3004361 prime?
True
Is 1292249065 prime?
False
Is 157517 composite?
True
Is 9453155 composite?
True
Is 4550669 composite?
True
Is 5383709 composite?
True
Is 99235859 composite?
False
Is 8688886 a composite number?
True
Is 1092049 composite?
True
Is 18202731 composite?
True
Is 724721 composite?
False
Is 13957051 a composite number?
True
Is 28990697 composite?
True
Is 17008099 a composite number?
True
Is 219865315 composite?
True
Is 3063667 composite?
True
Is 17113697 prime?
True
Is 577096385 composite?
True
Is 1800289 a composite number?
True
Is 43544857 a prime number?
True
Is 286100779 prime?
True
Is 442348793 prime?
True
Is 141301529 composite?
False
Is 51715441 composite?
True
Is 32546821 a prime number?
False
Is 14477681 a prime number?
False
Is 3871991 a prime number?
False
Is 1821697 composite?
True
Is 107193943 a composite number?
False
Is 347507843 a composite number?
True
Is 60393057 a prime number?
False
Is 2478019 a prime number?
False
Is 377123 a prime number?
True
Is 56527259 a prime number?
False
Is 510921973 composite?
True
Is 36434578 prime?
False
Is 150214135 a composite number?
True
Is 8835413 prime?
False
Is 13260493 a prime number?
False
Is 108417521 prime?
False
Is 12121471 a composite number?
True
Is 15755609 a prime number?
True
Is 342034547 a composite number?
True
Is 21975631 prime?
False
Is 1417253 a prime number?
True
Is 7599103 a prime number?
False
Is 35598133 a composite number?
True
Is 1023928423 a composite number?
True
Is 7929047 a composite number?
True
Is 1424177 composite?
False
Is 388845367 prime?
True
Is 41154049 a composite number?
True
Is 33914189 prime?
True
Is 6861307 a composite number?
False
Is 3981097 a composite number?
False
Is 444341 a composite number?
False
Is 624004439 a composite number?
True
Is 38096659 composite?
False
Is 8214673 prime?
False
Is 28639337 composite?
False
Is 104903963 composite?
False
Is 1223143 a prime number?
False
Is 20489983 a prime number?
False
Is 5716349 composite?
True
Is 8821459 a composite number?
True
Is 5787599 prime?
False
Is 1000837 composite?
True
Is 414283 composite?
False
Is 23153147 a prime number?
False
Is 3603723 composite?
True
Is 2129734 a prime number?
False
Is 356529 prime?
False
Is 6577913 composite?
False
Is 4109551 a prime number?
False
Is 225380297 composite?
True
Is 34672369 composite